{"id":17,"date":"2026-03-13T22:47:08","date_gmt":"2026-03-13T21:47:08","guid":{"rendered":"http:\/\/dci-co.pl\/?page_id=17"},"modified":"2026-03-13T23:08:28","modified_gmt":"2026-03-13T22:08:28","slug":"o-firmie","status":"publish","type":"page","link":"https:\/\/dci-co.pl\/","title":{"rendered":"O Firmie"},"content":{"rendered":"\n<p>DCI to firma zajmuj\u0105ca si\u0119 sprzeda\u017c\u0105 merchu inspirowanego kultur\u0105 rockow\u0105, metalow\u0105 oraz estetyk\u0105 gothic i satanic. Realizujemy r\u00f3wnie\u017c materia\u0142y reklamowe i produkty z nadrukiem na zam\u00f3wienie.<\/p>\n\n\n\n<p>Wkr\u00f3tce uruchomimy dzia\u0142alno\u015b\u0107 na pe\u0142n\u0105 skal\u0119. Obecnie dopinamy ostatnie szczeg\u00f3\u0142y.<\/p>\n","protected":false},"excerpt":{"rendered":"<p>DCI to firma zajmuj\u0105ca si\u0119 sprzeda\u017c\u0105 merchu inspirowanego kultur\u0105 rockow\u0105, metalow\u0105 oraz estetyk\u0105 gothic i satanic. Realizujemy r\u00f3wnie\u017c materia\u0142y reklamowe i produkty z nadrukiem na zam\u00f3wienie. Wkr\u00f3tce uruchomimy dzia\u0142alno\u015b\u0107 na pe\u0142n\u0105 skal\u0119. Obecnie dopinamy ostatnie szczeg\u00f3\u0142y.<\/p>\n","protected":false},"author":2,"featured_media":0,"parent":0,"menu_order":1,"comment_status":"closed","ping_status":"closed","template":"","meta":{"footnotes":""},"class_list":["post-17","page","type-page","status-publish","hentry"],"_links":{"self":[{"href":"https:\/\/dci-co.pl\/index.php?rest_route=\/wp\/v2\/pages\/17","targetHints":{"allow":["GET"]}}],"collection":[{"href":"https:\/\/dci-co.pl\/index.php?rest_route=\/wp\/v2\/pages"}],"about":[{"href":"https:\/\/dci-co.pl\/index.php?rest_route=\/wp\/v2\/types\/page"}],"author":[{"embeddable":true,"href":"https:\/\/dci-co.pl\/index.php?rest_route=\/wp\/v2\/users\/2"}],"replies":[{"embeddable":true,"href":"https:\/\/dci-co.pl\/index.php?rest_route=%2Fwp%2Fv2%2Fcomments&post=17"}],"version-history":[{"count":3,"href":"https:\/\/dci-co.pl\/index.php?rest_route=\/wp\/v2\/pages\/17\/revisions"}],"predecessor-version":[{"id":27,"href":"https:\/\/dci-co.pl\/index.php?rest_route=\/wp\/v2\/pages\/17\/revisions\/27"}],"wp:attachment":[{"href":"https:\/\/dci-co.pl\/index.php?rest_route=%2Fwp%2Fv2%2Fmedia&parent=17"}],"curies":[{"name":"wp","href":"https:\/\/api.w.org\/{rel}","templated":true}]}}